{"id":5479,"date":"2020-12-24T08:36:30","date_gmt":"2020-12-24T13:36:30","guid":{"rendered":"https:\/\/www.avocatcriminel.ca\/blogue\/?page_id=5479"},"modified":"2020-12-24T12:54:51","modified_gmt":"2020-12-24T17:54:51","slug":"bris-de-condition-article-1453-du-code-criminel","status":"publish","type":"page","link":"https:\/\/www.avocatcriminel.ca\/blogue\/bris-de-condition-article-1453-du-code-criminel\/","title":{"rendered":"Bris de condition : article 145(3) du Code criminel"},"content":{"rendered":"<div class=\"wpb-content-wrapper\">[vc_row full_width=\u00a0\u00bbstretch_row_content\u00a0\u00bb][vc_column width=\u00a0\u00bb2\/3&Prime; css=\u00a0\u00bb.vc_custom_1608832479458{padding-right: 20px !important;padding-left: 20px !important;}\u00a0\u00bb][vc_single_image image=\u00a0\u00bb5486&Prime; img_size=\u00a0\u00bbfull\u00a0\u00bb alignment=\u00a0\u00bbcenter\u00a0\u00bb]<div class=\"shortcode-wrapper shortcode-title clearfix\"><h2 class=\"\">D\u00e9finition de bris de condition en droit criminel<\/h2><\/div><div class=\"shortcode-wrapper shortcode-spacer clearfix\"><div class=\"spacer\"><\/div><\/div>[vc_column_text]Le bris de condition est d\u00e9finie \u00e0 l\u2019article 145 (3) du Code criminel, il s\u2019agit essentiellement d\u2019avoir fait d\u00e9faut de respecter, <strong>sans excuse l\u00e9gitime<\/strong>, une <strong>condition<\/strong> figurant dans une promesse de compara\u00eetre remise par un policier ou dans un engagement contract\u00e9 devant le juge lors de la remise en libert\u00e9.<\/p>\n<p>Les conditions pouvant \u00eatre viol\u00e9s sont multiples: il peut s\u2019agir d\u2019une interdiction de <em>communiquer avec quelqu\u2019un<\/em>, de <em>se trouver \u00e0 un endroit<\/em>, d\u2019une obligation de respecter un <em>couvre-feu<\/em>, de ne pas poss\u00e9der <em>d\u2019arme<\/em>, de ne pas <em>boire d\u2019alcool<\/em>, etc.<\/p>\n<p>Le poursuivant doit non seulement prouver que l\u2019accus\u00e9 n\u2019a pas respect\u00e9 la condition, mais qu\u2019il l\u2019a fait <strong>en toute connaissance de cause<\/strong>, ou \u00e0 tout le moins en \u00e9tant insouciant du respect de sa condition lorsque l\u2019accus\u00e9 sait qu\u2019il se met dans une situation ill\u00e9gale.<\/p>\n<p>Le bris de condition (ou \u201cbris d\u2019engagement\u201d) ne doit pas \u00eatre confondu avec le\u00a0<a href=\"https:\/\/www.avocatcriminel.ca\/blogue\/bris-de-probation\/\">bris de probation<\/a>. Le bris de probation concerne les conditions \u00e9mises dans le cadre d\u2019une sentence.[\/vc_column_text]<div class=\"shortcode-wrapper shortcode-title clearfix\"><h2 class=\"\">Comment se d\u00e9fendre d&rsquo;une accusation de bris de condition?<br \/>\n<\/h2><\/div><div class=\"shortcode-wrapper shortcode-spacer clearfix\"><div class=\"spacer\"><\/div><\/div>[vc_column_text]Les moyens de d\u00e9fenses\u00a0face \u00e0 une accusation de bris de condition sont multiples: l\u2019engagement sur lequel figure la condition est-il <strong>valide<\/strong>? Le libell\u00e9 de la condition est-il <strong>r\u00e9dig\u00e9 de sorte<\/strong> qu\u2019on doive obligatoirement conclure que l\u2019accus\u00e9 ne pouvait adopter le comportement reproch\u00e9? L\u2019accus\u00e9 avait-il une <strong>excuse l\u00e9gitime<\/strong> pour violer son engagement (par exemple, une situation d\u2019urgence)? L\u2019accus\u00e9 \u00e9tait-il <strong>conscient<\/strong> d\u2019\u00eatre en train de commettre le bris de condition (par exemple, s\u2019il se trouve dans un magasin en pr\u00e9sence d\u2019une personne qu\u2019il ne peut pas c\u00f4toyer mais sans savoir que cette personne se rendrait dans ce commerce), et bien d\u2019autres moyens?[\/vc_column_text]<div class=\"shortcode-wrapper shortcode-title clearfix\"><h2 class=\"\">Quel est la peine pour bris de condition?<\/h2><\/div><div class=\"shortcode-wrapper shortcode-spacer clearfix\"><div class=\"spacer\"><\/div><\/div>[vc_column_text]La peine\u00a0maximale pour un bris d\u2019engagement pris par acte criminel est de 2 ans de prison.\u00a0<a href=\"https:\/\/www.avocatcriminel.ca\/blogue\/labsolution-inconditionnelle-la-meilleure-peine-pour-laccuse-reconnu-coupable\/\">L\u2019absolution<\/a> est une sentence qui permet d&rsquo;\u00e9viter une condamnation et qui est souvent plaid\u00e9e par les avocats pour un client n\u2019ayant pas d\u2019ant\u00e9c\u00e9dents.[\/vc_column_text]<div class=\"shortcode-wrapper shortcode-title clearfix\"><h2 class=\"\">Peut-on \u00eatre renvoy\u00e9 en prison suite \u00e0 un bris de condition?<br \/>\n<\/h2><\/div><div class=\"shortcode-wrapper shortcode-spacer clearfix\"><div class=\"spacer\"><\/div><\/div>[vc_column_text]Une accusation de bris d&rsquo;engagement est parfois accompagn\u00e9e d\u2019une <strong>demande de r\u00e9vocation du cautionnement afin que l\u2019accus\u00e9 demeure d\u00e9tenu<\/strong>\u00a0pour le reste des proc\u00e9dures. Lorsque l\u2019objectif dans le dossier principal est de faire une demande d\u2019absolution ou de n\u00e9gocier un retrait des accusations, le bris de condition peut avoir pour cons\u00e9quence de compliquer les choses: voil\u00e0 pourquoi il est essentiel de respecter ses conditions de remise en libert\u00e9.[\/vc_column_text]<div class=\"shortcode-wrapper shortcode-title clearfix\"><h2 class=\"\">Comment faire modifier les conditions impos\u00e9es \u00e0 l&rsquo;accus\u00e9?<\/h2><\/div><div class=\"shortcode-wrapper shortcode-spacer clearfix\"><div class=\"spacer\"><\/div><\/div>[vc_column_text]Il faut savoir que les conditions peuvent \u00eatre chang\u00e9es par demande de l\u2019avocat en criminel en cours de proc\u00e9dure.\u00a0<strong>Les conditions peuvent \u00eatre modifi\u00e9e\u00a0<\/strong>hors Cour (en s\u2019entendant avec le procureur selon l\u2019article 519.1 Code criminel) ou encore par demande au juge. Il est possible de demander la modification des conditions\u00a0<em>imm\u00e9diatement<\/em>\u00a0apr\u00e8s l\u2019arrestation.[\/vc_column_text][\/vc_column][vc_column width=\u00a0\u00bb1\/3&Prime;]<div class=\"shortcode-wrapper shortcode-title clearfix hb-animate-element hb-fade-in\" data-delay=\"500\"><h2 class=\"\">Voici des exemples de causes de bris de probation plaid\u00e9es par nos avocats:<\/h2><\/div><div class=\"shortcode-wrapper shortcode-spacer clearfix\"><div class=\"spacer\"><\/div><\/div>[vc_raw_html]JTVCc3VfcG9zdHMlMjB0ZW1wbGF0ZSUzRCUyMnRlbXBsYXRlcyUyRnRlYXNlci1sb29wLnBocCUyMiUyMHBvc3RzX3Blcl9wYWdlJTNEJTIyLTElMjIlMjB0YXhfdGVybSUzRCUyMjM2NiUyMiUyMG9yZGVyJTNEJTIyZGVzYyUyMiU1RA==[\/vc_raw_html][\/vc_column][\/vc_row]\n<\/div>","protected":false},"excerpt":{"rendered":"[vc_row full_width=\"stretch_row_content\"][vc_column width=\"2\/3\" css=\".vc_custom_1608832479458{padding-right: 20px !important;padding-left: 20px !important;}\"][vc_single_image image=\"5486\" img_size=\"full\" alignment=\"center\"][title type=\"h2\"]D\u00e9finition de bris de condition en droit criminel[\/title][spacer][vc_column_text]Le bris de condition est d\u00e9finie \u00e0 l\u2019article 145 (3) du Code criminel, il s\u2019agit essentiellement d\u2019avoir fait d\u00e9faut de respecter, sans excuse l\u00e9gitime, une condition figurant dans une promesse de compara\u00eetre<p><a href=\"https:\/\/www.avocatcriminel.ca\/blogue\/bris-de-condition-article-1453-du-code-criminel\/\">Lire la suite [...]<\/a><\/p>","protected":false},"author":5,"featured_media":0,"parent":0,"menu_order":0,"comment_status":"closed","ping_status":"closed","template":"","meta":{"footnotes":""},"class_list":["post-5479","page","type-page","status-publish","hentry"],"_links":{"self":[{"href":"https:\/\/www.avocatcriminel.ca\/blogue\/wp-json\/wp\/v2\/pages\/5479","targetHints":{"allow":["GET"]}}],"collection":[{"href":"https:\/\/www.avocatcriminel.ca\/blogue\/wp-json\/wp\/v2\/pages"}],"about":[{"href":"https:\/\/www.avocatcriminel.ca\/blogue\/wp-json\/wp\/v2\/types\/page"}],"author":[{"embeddable":true,"href":"https:\/\/www.avocatcriminel.ca\/blogue\/wp-json\/wp\/v2\/users\/5"}],"replies":[{"embeddable":true,"href":"https:\/\/www.avocatcriminel.ca\/blogue\/wp-json\/wp\/v2\/comments?post=5479"}],"version-history":[{"count":0,"href":"https:\/\/www.avocatcriminel.ca\/blogue\/wp-json\/wp\/v2\/pages\/5479\/revisions"}],"wp:attachment":[{"href":"https:\/\/www.avocatcriminel.ca\/blogue\/wp-json\/wp\/v2\/media?parent=5479"}],"curies":[{"name":"wp","href":"https:\/\/api.w.org\/{rel}","templated":true}]}}