{"id":5456,"date":"2020-12-23T13:50:07","date_gmt":"2020-12-23T18:50:07","guid":{"rendered":"https:\/\/www.avocatcriminel.ca\/blogue\/?page_id=5456"},"modified":"2021-09-07T17:09:36","modified_gmt":"2021-09-07T21:09:36","slug":"menaces-de-mort","status":"publish","type":"page","link":"https:\/\/www.avocatcriminel.ca\/blogue\/menaces-de-mort\/","title":{"rendered":"Menace de mort: d\u00e9finition, moyens de d\u00e9fense et sentence"},"content":{"rendered":"<div class=\"wpb-content-wrapper\">[vc_row full_width=\u00a0\u00bbstretch_row_content\u00a0\u00bb][vc_column width=\u00a0\u00bb2\/3&Prime; css=\u00a0\u00bb.vc_custom_1608832453388{padding-right: 20px !important;padding-left: 20px !important;}\u00a0\u00bb][vc_single_image image=\u00a0\u00bb5457&Prime; img_size=\u00a0\u00bbfull\u00a0\u00bb alignment=\u00a0\u00bbcenter\u00a0\u00bb style=\u00a0\u00bbvc_box_shadow\u00a0\u00bb]<div class=\"shortcode-wrapper shortcode-title clearfix\"><h2 class=\"\">Qu&rsquo;est-ce qu&rsquo;une menace de mort en droit criminel?<br \/>\n<\/h2><\/div><div class=\"shortcode-wrapper shortcode-spacer clearfix\"><div class=\"spacer\"><\/div><\/div>[vc_column_text]Selon la d\u00e9finition, cela consiste \u00e0 transmettre \u00e0 une autre personne une menace de tuer quelqu\u2019un ou de lui causer des l\u00e9sions corporelles, de d\u00e9truire des biens, ou de tuer \/ blesser un animal qui est la propri\u00e9t\u00e9 de quelqu\u2019un. L\u2019expression \u201cl\u00e9sions corporelles\u201d comprend aussi la blessure psychologique grave ou importante, comme <em>par exemple la menace d\u2019agresser sexuellement quelqu\u2019un.<\/em><\/p>\n<p>Il n\u2019est pas n\u00e9cessaire que la menace de mort soit prononc\u00e9e directement \u00e0 la victime pour que l\u2019acte criminel soit accompli. <strong>Dire \u00e0 Lucie \u00ab\u00a0je vais tuer Paul\u00a0\u00bb<\/strong> peut donc \u00eatre une menace de mort.<\/p>\n<p>En outre, il n\u2019est pas n\u00e9cessaire que l\u2019accus\u00e9 ait r\u00e9ellement eut <strong>l\u2019intention de mettre ses menaces \u00e0 ex\u00e9cution<\/strong> pour \u00eatre reconnu coupable. C\u2019est le sens des mots qui importe. Le juge doit se demander si une personne raisonnable aurait consid\u00e9r\u00e9 les paroles comme \u00e9tant une menace de mort ou de causer des l\u00e9sions. Une personne qui prononce les paroles avec l&rsquo;intention d&rsquo;intimider a plus de chance d&rsquo;\u00eatre reconnu coupable. A l&rsquo;inverse, dans la d\u00e9cision <em>O\u2019Brien<\/em>, la\u00a0<a href=\"https:\/\/www.avocatcriminel.ca\/blogue\/liens-internet\/\">Cour supr\u00eame du Canada<\/a> a confirm\u00e9 l\u2019acquittement d\u2019un individu qui avait dit \u00e0 sa copine qu\u2019il allait la tuer, mais qui n\u2019avait <em>pas r\u00e9ellement l\u2019intention de l\u2019intimider.<\/em><\/p>\n<p>La fa\u00e7on dont les menaces sont transmises ne fait aucune diff\u00e9rence: en paroles, par \u00e9crit, par internet, par l\u2019interm\u00e9diaire de quelqu&rsquo;un, etc..<\/p>\n<p>L\u2019infraction de prof\u00e9rer une\u00a0menace de mort\u00a0ou de causer des l\u00e9sions corporelles est pr\u00e9vue \u00e0 l\u2019article 264.1 du Code criminel.[\/vc_column_text]<div class=\"shortcode-wrapper shortcode-title clearfix\"><h2 class=\"\">Comment \u00e9viter un casier judiciaire ou une condamnation pour menace?<\/h2><\/div><div class=\"shortcode-wrapper shortcode-spacer clearfix\"><div class=\"spacer\"><\/div><\/div>[vc_column_text]L\u2019avocat criminel assurant la d\u00e9fense d\u2019un client accus\u00e9 d\u2019avoir prof\u00e9r\u00e9 des menaces de mort devra se poser certaines questions: La version du client contredit-elle celle du plaignant? Quelle preuve autre que le t\u00e9moignage du plaignant y-a-t-il de la menace? Les paroles prononc\u00e9es constituaient-elles r\u00e9ellement une menace au sens du Code criminel? Et d\u2019autres questions pertinentes.<\/p>\n<p>M\u00eame en cas de culpabilit\u00e9, il demeure possible d&rsquo;\u00e9viter une condamnation. L\u2019<a href=\"https:\/\/www.avocatcriminel.ca\/blogue\/labsolution-inconditionnelle-la-meilleure-peine-pour-laccuse-reconnu-coupable\/\">absolution inconditionnelle<\/a>\u00a0est une sentence possible lorsque certaines conditions sont r\u00e9unies.[\/vc_column_text]<div class=\"shortcode-wrapper shortcode-title clearfix\"><h2 class=\"\">Quelle est la peine pour menace de mort?<\/h2><\/div><div class=\"shortcode-wrapper shortcode-spacer clearfix\"><div class=\"spacer\"><\/div><\/div>[vc_column_text]La\u00a0<strong>peine \/ sentence<\/strong>\u00a0maximale pour menace de mort ou de causer des l\u00e9sions corporelles est de 2 ans moins 1 jour de prison lorsque les proc\u00e9dures sont sommaires (article 264.1 (2) b) Code criminel) et de 5 ans par voie d\u2019acte criminel (article 264.1 (2) a) Code criminel).[\/vc_column_text][\/vc_column][vc_column width=\u00a0\u00bb1\/3&Prime;]<div class=\"shortcode-wrapper shortcode-title clearfix hb-animate-element hb-fade-in\" data-delay=\"500\"><h2 class=\"\">Exemples de causes de menaces plaid\u00e9es pas nos avocats<\/h2><\/div><div class=\"shortcode-wrapper shortcode-spacer clearfix\"><div class=\"spacer\"><\/div><\/div>[vc_raw_html]JTVCc3VfcG9zdHMlMjB0ZW1wbGF0ZSUzRCUyMnRlbXBsYXRlcyUyRnRlYXNlci1sb29wLnBocCUyMiUyMHBvc3RzX3Blcl9wYWdlJTNEJTIyLTElMjIlMjB0YXhfdGVybSUzRCUyMjc1JTIyJTIwb3JkZXIlM0QlMjJkZXNjJTIyJTVE[\/vc_raw_html][\/vc_column][\/vc_row]\n<\/div>","protected":false},"excerpt":{"rendered":"[vc_row full_width=\"stretch_row_content\"][vc_column width=\"2\/3\" css=\".vc_custom_1608832453388{padding-right: 20px !important;padding-left: 20px !important;}\"][vc_single_image image=\"5457\" img_size=\"full\" alignment=\"center\" style=\"vc_box_shadow\"][title type=\"h2\"]Qu'est-ce qu'une menace de mort en droit criminel? [\/title][spacer][vc_column_text]Selon la d\u00e9finition, cela consiste \u00e0 transmettre \u00e0 une autre personne une menace de tuer quelqu\u2019un ou de lui causer des l\u00e9sions corporelles, de d\u00e9truire des biens, ou de tuer<p><a href=\"https:\/\/www.avocatcriminel.ca\/blogue\/menaces-de-mort\/\">Lire la suite [...]<\/a><\/p>","protected":false},"author":5,"featured_media":0,"parent":0,"menu_order":0,"comment_status":"closed","ping_status":"closed","template":"","meta":{"footnotes":""},"class_list":["post-5456","page","type-page","status-publish","hentry"],"_links":{"self":[{"href":"https:\/\/www.avocatcriminel.ca\/blogue\/wp-json\/wp\/v2\/pages\/5456","targetHints":{"allow":["GET"]}}],"collection":[{"href":"https:\/\/www.avocatcriminel.ca\/blogue\/wp-json\/wp\/v2\/pages"}],"about":[{"href":"https:\/\/www.avocatcriminel.ca\/blogue\/wp-json\/wp\/v2\/types\/page"}],"author":[{"embeddable":true,"href":"https:\/\/www.avocatcriminel.ca\/blogue\/wp-json\/wp\/v2\/users\/5"}],"replies":[{"embeddable":true,"href":"https:\/\/www.avocatcriminel.ca\/blogue\/wp-json\/wp\/v2\/comments?post=5456"}],"version-history":[{"count":0,"href":"https:\/\/www.avocatcriminel.ca\/blogue\/wp-json\/wp\/v2\/pages\/5456\/revisions"}],"wp:attachment":[{"href":"https:\/\/www.avocatcriminel.ca\/blogue\/wp-json\/wp\/v2\/media?parent=5456"}],"curies":[{"name":"wp","href":"https:\/\/api.w.org\/{rel}","templated":true}]}}